*2 + 0 + 0*g**3 - 1/20*g**5. What is s(-4)?
12
Suppose 0 = 4*b - 24 + 4. Suppose -5*t - b*m = -25, 4*t = -t + 3*m + 1. Let l be (-9)/(-27)*18/t. Let u(a) = -a**3 + a**2 + 4*a. Calculate u(l).
-6
Let s be (-26)/(-2) - 12 - 8/(-2). Let i(g) = -2*g**2 + 7*g + 15. Give i(s).
0
Let d(u) be the second derivative of -5/12*u**4 + 1/2*u**2 + 13*u + 0 + u**3 - 1/20*u**5. Determine d(-6).
1
Let j(m) be the first derivative of -2*m**3/3 + m**2 + 4*m - 139. Give j(3).
-8
Suppose -3*n + 29 = 2*c, -9 - 43 = -3*c + 4*n. Suppose 2*s - s = -4*g + c, -g - 1 = -s. Let t(m) = 4*m + 1. Calculate t(g).
13
Let w(p) = 4 + 355*p - 180*p - 4 - 165*p. Calculate w(-1).
-10
Let z(h) = -6*h - 8. Let n(k) = -2*k - 4. Let t(y) = 5*n(y) - 2*z(y). Calculate t(6).
8
Let c = 2 - 0. Let v(l) = l**2 + 4 - l - l - 2*l**c. Suppose 0 = -112*a + 120*a - 24. What is v(a)?
-11
Suppose -3*y + 49 = s - y, -266 = -5*s - 3*y. Let g = 61 - s. Let v(k) = -k - 7. Calculate v(g).
-13
Let s(u) = u**3 - 9*u**2 + 8*u + 5. Let k = 30 + -27. Suppose 3*o - 35 = -4*c, -k*c + 3*o = 2*o - 23. Determine s(c).
5
Let x = 61 + -52. Let n(c) = 5*c**2 + 4*c + 9. Let r(q) = 11*q**2 + 7*q + 19. Let f(s) = x*n(s) - 4*r(s). Let m = -6 - 1. What is f(m)?
-2
Let q(c) = -7*c - 13. Let a(f) be the first derivative of f**2/2 + 2*f - 44. Let r(h) = -6*a(h) - q(h). Determine r(4).
5
Suppose -5*g = 3*x - 93, -3*g = -5*g - 4*x + 26. Suppose 0 = 2*d + 9 - g. Let q(a) = -a**2 + 6*a - 6. Determine q(d).
-6
Let s(u) = u**2 + u - 3. Let t(m) = -2*m**2 - 6*m + 5. Let h(y) = -5*s(y) - 3*t(y). Give h(-13).
0
Let y(u) = -2*u**2 - u + 4. Let s(f) = 3*f**2 - 4. Let c(q) = -3*s(q) - 4*y(q). Let i = -23 - -33. Let p = 14 - i. Determine c(p).
-4
Let q(j) = 5*j**2 - j + 2. Let i be q(-1). Let z(y) be the second derivative of -y**3/6 + 5*y**2/2 - 4*y. Calculate z(i).
-3
Let k(u) = u**2 + 6*u + 3. Let i(b) = -b**3 + 10*b**2 - 9*b - 2. Let w be i(9). Let t be (-7)/(-14)*w/(-3)*-15. What is k(t)?
-2
Let y(d) = 4*d + 5. Let l = 470 - 461. Determine y(l).
41
Suppose 5*o + 2 + 8 = 0. Let s(g) = 6 - 4 - 14*g - 1 + 16*g + g**2. What is s(o)?
1
Let i(q) = -4*q - 2. Let j be (-364)/169 - (-4)/26. Let n be i(j). Let y be 1*(3 + n/(-3)). Let c(d) = -4*d**3 + 2*d**2 - 1. Calculate c(y).
-3
Let p(t) = 1 - 32*t**3 + 21*t**2 + 20*t**2 + 17*t**2 + 2*t - t - 60*t**2. Give p(-1).
30
Let w(k) be the second derivative of k**4/12 + 2*k**3 - 3*k**2 + 61*k. Give w(-15).
39
Let q(a) = -a**2 + 7*a - 8. Let p = -3 + 6. Suppose -p*i + 5 + 76 = 0. Suppose 4*f + 9 = 4*v - 5*v, v - 5*f = i. What is q(v)?
-8
Suppose -3*l - 18*u = -21*u - 24, -2*l - 5*u = -2. Let r(b) = -2*b - 1. Determine r(l).
-13
Let n(t) be the third derivative of -10*t**2 + 1/24*t**4 + 0*t + 5/3*t**3 + 1/120*t**5 + 0. Let u(o) be the first derivative of n(o). Determine u(-6).
-5
Let v be (-26)/(-6) - 6/18. Suppose -2*o + 24 = -t + 6*t, -o + 18 = v*t. Let j(c) = 26*c**o - 11*c**2 - 14*c**2 - c + 11. Give j(0).
11
Let j(m) = -m**2 + 23 + 16 + 28 - 70. Let a = 6 - 8. Let l = 2 + a. Determine j(l).
-3
Let z(q) = -231*q + 117*q + 113*q. Let y = -10 - -5. What is z(y)?
5
Let i(r) = r + 4. Let g = -31 - -28. Give i(g).
1
Let o(p) = p**3 + 6*p**2 + 2*p - 13. Let s be o(-5). Suppose -2*v + 2 + 0 = 0, -s*v - 10 = -2*a. Let x(c) = c**2 - 7*c - 1. Give x(a).
-7
Let k(g) be the second derivative of g**3/3 + 3*g**2 + 47*g. Give k(-5).
-4
Let w(v) = -8*v**2. Let h = 71 + -70. Suppose 0 = 6*n - 5 - h. What is w(n)?
-8
Let n(v) be the second derivative of -5*v**4/12 - v**3/6 + v**2/2 + v. Suppose 0 = -3*h + j - 73, 3*h - j + 67 = 3*j. Let z = -24 - h. What is n(z)?
-5
Suppose -6*l + l = -20. Let x(u) be the third derivative of -u**4/12 - 196*u**2. Give x(l).
-8
Let o be -1 - (-1 + -1) - 8. Let g(q) = q**2 + 11*q. Let a(u) = -u**2 - 12*u + 1. Let p(z) = -2*a(z) - 3*g(z). Give p(o).
12
Let b(l) = -27*l**3 + l**2 - 1. Suppose 9*w = 321 + 183. Let p = -55 + w. What is b(p)?
-27
Let d(k) = k**3 - 11*k**2 - k + 4. Suppose 2*f - 10 + 0 = -4*y, -y = 2*f - 19. Determine d(f).
-7
Let p(y) = 1. Suppose 5*b + 10 = 0, -4*m = 4*b + b + 2. Let d(r) = -2*r - 3. Let c(j) = m*p(j) + d(j). Suppose 12*s - 8 = 16*s. Determine c(s).
3
Let x(l) = 0 + 2 - 5 - 5927*l + 5928*l. Give x(-4).
-7
Let c(t) = -t**2 - 2*t. Let o(j) = -j**3 + 10*j**2 - 10*j + 10. Let u be o(10). Let p = u + 86. Give c(p).
-8
Let q(y) be the first derivative of -y**2 - 6*y + 10. Calculate q(-6).
6
Let j(m) = -m**2 - 12*m - 12. Let b(v) = -12*v**3 + 8*v - 7. Let c be b(1). Determine j(c).
-1
Let y(q) be the first derivative of q**2 + 19*q - 75. Calculate y(-3).
13
Let d(t) = -t**2 + 6*t + 9. Let j(c) = -c**2 + 8*c + 10. Let g(n) = 5*d(n) - 4*j(n). Determine g(-3).
2
Let v be ((-2)/(2*-1))/(187/(-1683)). Let w(u) = -4*u + 8. Give w(v).
44
Let j(t) be the third derivative of 0 + 1/30*t**5 + 9*t**2 - 1/24*t**4 - 1/120*t**6 + 0*t**3 + 0*t. What is j(3)?
-12
Let o(y) be the third derivative of -y**6/120 - y**5/12 + y**3/2 + 2*y**2 + 99*y. Give o(-5).
3
Let h(b) be the first derivative of -6*b + 4 + 3/2*b**2 + 1/6*b**3. Let r(t) be the first derivative of h(t). Give r(-7).
-4
Let m(s) be the third derivative of -3*s**2 + 1/30*s**5 - 1/6*s**3 + 0 - 1/24*s**4 + 0*s. Let z(g) = -g + 7. Let a be z(9). Calculate m(a).
9
Let w(c) = c**3 - 6*c**2 - 25*c - 17. Let v be w(9). Let y(h) = -6*h**3 + h - 1. Determine y(v).
-6
Let b(j) = j**3 + 4*j**2 + 3*j. Let a(z) = -2*z**3 - z**2 - z + 1. Let i be a(-2). Suppose -2*l = l. Suppose i = -l*f - 5*f. Calculate b(f).
0
Let f be (30/8 + -3)/((-24)/64). Let y(j) = 0 - 3*j**2 + 2*j - 1 + 4. Determine y(f).
-13
Let f(c) be the first derivative of -2 + c + 0*c**2 - 1/4*c**4 + 0*c**3. Let y be (-2 - -1) + 0/1. Determine f(y).
2
Let x(n) = -5*n**3 - 7*n**2 - 5*n + 10. Let l(g) = 9*g**3 + 14*g**2 + 10*g - 19. Let p(d) = 4*l(d) + 7*x(d). Give p(-6).
0
Let r(q) be the second derivative of -q**6/360 - q**5/120 - 10*q**4/3 - 16*q. Let x(a) be the third derivative of r(a). Determine x(-1).
1
Let k = 136 - 132. Suppose 3*c + 40 = 8*c + 2*t, k*t = -3*c + 24. Let m(f) = f**3 - 9*f**2 + 8*f + 1. Give m(c).
1
Let b(j) = -3*j + 5. Let y(n) = n + 1. Let q(d) = -b(d) + 4*y(d). Suppose -4*a = 3 + 1. Give q(a).
-8
Let l(w) = -w**3 - 9*w**2 + 9*w + 5. Let h be 11*-1 + (10 - (-90)/(-10)). Determine l(h).
15
Let o(t) be the third derivative of -t**5/60 + t**4/8 + t**3 - 2*t**2 + t. Give o(5).
-4
Let i(a) = 28*a**2 - 13*a**2 - 14*a**2 - 4*a + a**3. Suppose 2*t = -0*t - 2*z - 10, -3*t = 4*z + 17. Determine i(t).
-6
Let o = 387/250 - 6/125. Let m(q) be the second derivative of -o*q**2 + 0 + 1/6*q**3 + 3*q. What is m(-3)?
-6
Suppose 5*g - 4*j - 55 = 0, 0 = -2*g - 0*j + 3*j + 15. Let a(o) = -o + 15. Let t be a(g). Let z(p) = 3 + 2 + 0*p - p. Give z(t).
5
Let m be 1 - ((-9)/15 + (-378)/70). Let w(g) = g**2 - 7*g + 6. Calculate w(m).
6
Suppose -37 = -5*z + 53. Suppose -3*k = -6, -2*i + k = 3*i - z. Let a(m) = -m - 2. Give a(i).
-6
Let l = -31 - -30. Let o(s) = -9*s**2 - 4*s - 2. Let z be o(l). Let u(x) = x**2 + 6*x - 3. Give u(z).
4
Let j be (-1 + 3/(-18))*(28 + -29). Let z(a) be the second derivative of 1/12*a**4 - 6*a + j*a**3 + 9/2*a**2 + 0. Give z(-6).
3
Let m be 1*(19/(3 + -4) - -2). Let a(c) = -c - 15. Determine a(m).
2
Let z(g) = -17*g - 1. Let m(v) = -444*v - 26. Let t(p) = 6*m(p) - 156*z(p). Calculate t(4).
-48
Let z(n) be the second derivative of n**4/12 + 4*n**2 - 15*n - 1. Determine z(0).
8
Suppose -3*a - 2*u - 3 = 0, 2*u - 9 = 5*u. Let m(q) = 19*q. Calculate m(a).
19
Suppose -4*t + p = 3, t - 4*p + 27 = -9*p. Let u(s) = 3*s**3 + 2*s**2 + 2*s - 1. What is u(t)?
-21
Let o(w) = w**3 + 3*w**2 - 2*w + 2. Suppose -8*z + 6*z + 20 = 0. Let d be 10*(-5 - -4 - (-6)/z). Give o(d).
-6
Let z(h) = -5*h**2 - 12*h + 9. Let i(x) = 6*x**2 + 13*x - 10. Let g(k) = k**3 - 6*k**2 - 7*k + 4. Let v be g(7). Let f(q) = v*i(q) + 5*z(q). Determine f(-8).
5
Let z(y) be the first derivative of 3*y**2/2 - 4*y - 41. Calculate z(4).
8
Let p(y) be the third derivative of -y**6/120 + 4*y**5/15 - 5*y**4/8 + 83*y**2. Give p(15).
0
Let z be ((-56)/(-168))/(2/12). Let h(f) = -f**3 - f**2 + 1. What is h(z)?
-11
Let x(r) = r**2 - r - 4. Let l be x(-2). Let n(w) = -6*w**2 - 3*w + 3*w**2 + 2 - w**3 + 9*w**l. Calculate n(5).
12
Let u be 11/(-77) + 13/(-7). Let j be -2 + 5 + u - -1. Let n(c) be th